(v) = -5*v**3 - 4*v - 2. Let y(h) = 6*h**3 - h**2 + 4*h + 2. Let d(q) = -3*b(q) - 2*y(q). Determine d(-2).
-22
Let w be (-2)/12 + 182/39. Let f(n) be the second derivative of -6*n - w*n**2 + 0 + 1/6*n**3. Calculate f(0).
-9
Let v be -3 + 3 + 6/2. Suppose v*m = 1 - 7. Let a(w) = -1 - 1 - 4*w - 12*w**2 + w**3 + 10*w**2. Give a(m).
-10
Let l be (12/(-5))/((-105)/(-350)). Let i(x) = x**3 + 8*x**2 + 7*x + 10. Give i(l).
-46
Let c(j) = 5*j + 3. Let i(q) = 55*q + 35. Let w(z) = -70*c(z) + 6*i(z). Give w(-1).
20
Let f(q) be the first derivative of q**4/24 + 4*q**3/3 - 15*q**2/2 + 5. Let u(h) be the second derivative of f(h). What is u(6)?
14
Let l(b) = -b**3 + 4*b**2 + 4*b. Let j be (10/2)/(7 + 6/(-1)). Give l(j).
-5
Suppose 5*n - 3*w + 30 = 0, 5*n + 3*w - 8*w = -30. Let l(f) = 3 - f - 4 - 6*f + f - f**2. Determine l(n).
-1
Let k be 0*(0 - (-2)/4). Let i(f) = -2*f**2 - 2*f + 2. Let j be i(0). Let b(v) = -3*v**2 + 5*v**2 - 1 - j*v + v - 3*v**2. Give b(k).
-1
Let u = 4 - 2. Let w(m) = 3*m - 1. Let v(n) = -7*n + 2. Let o(t) = 2*v(t) + 7*w(t). Give o(u).
11
Let j = -68 + 72. Suppose 15 = -u + j*c + 3, 3*u + 3*c = 24. Let t(v) = -2*v + 5. Determine t(u).
-3
Let z(a) be the second derivative of 0 + 2*a + 0*a**2 + 1/20*a**5 - 2/3*a**4 + 3/2*a**3. Determine z(7).
14
Let v = 431 - 429. Let c(i) be the first derivative of i - 5/2*i**v - 7. Calculate c(3).
-14
Let m(z) = -3*z**2 - 42*z + 2. Let t be m(-14). Let u(w) = -6*w - 2*w - w**2 - 1 + 5*w - w**t. Determine u(-2).
-3
Let p = -2 - -3. Let z(n) = -3*n + 0 + p + 0*n. Suppose 4971*l - 4975*l = 4. Determine z(l).
4
Let b(l) be the first derivative of -5*l**2/2 + 24*l + 351. What is b(7)?
-11
Let w(g) = 3*g**3 - 2*g**2 - 2*g + 1. Let f(a) = -a**3. Let m(s) = -f(s) - w(s). What is m(2)?
-5
Let p = 313 + -316. Let f(c) = c + 7. What is f(p)?
4
Let p(j) = 36*j**2 - j. Let r be -14 - -20 - (3 - -2). What is p(r)?
35
Let g(q) = -12*q. Suppose 3*b + 21 = 3*l, 3*b = -10 - 5. Give g(l).
-24
Let v = -14 + 16. Let u be (v - -2)/(-3 - -5). Suppose u*z - 2 = -0*z. Let g(c) = 6*c. Calculate g(z).
6
Let b(v) = v**2 - 22*v + 24. Let x be -6 + (46/10)/(40/200). What is b(x)?
-61
Let f(z) = 4*z**2 + z + 2. Let r(d) = -3*d**2 - 3. Let n(y) = -4*f(y) - 5*r(y). Calculate n(-5).
2
Let s(f) = -2*f**2 + 11*f + 2. Let q(h) be the first derivative of h**3 - 17*h**2/2 - 3*h + 5. Let i(a) = 5*q(a) + 8*s(a). What is i(5)?
-9
Let q(c) = -2*c. Let d(n) = -3*n + 6. Let w(u) = -d(u) + 2*q(u). Give w(-6).
0
Suppose 4*d + 18 = 2*v, 0 = -4*v + 5*d - 17 + 56. Let m(r) = r**2 - 9*r - 12. Give m(v).
10
Suppose 0 = -d - 0*d + 6. Let h(m) = -m**2 + 7*m - 1. Let s be h(d). Let q(a) = -s - 6*a + 3*a + a + 3. Determine q(-4).
6
Let p(g) be the third derivative of 0 + g**2 + 0*g**3 + 1/6*g**4 + 0*g + 1/360*g**6 - 1/120*g**5. Let w(v) be the second derivative of p(v). Calculate w(-6).
-13
Let g = -5 + 7. Suppose -g*f - 3 = -15. Let m(r) = -r**2 - 5*r - 3. Let j(t) = -t**2 + 1. Let z(y) = -2*j(y) + m(y). What is z(f)?
1
Let k(d) = 2*d**2 - 2*d + 2. Let y be k(2). Let l(v) = v**2 - 6*v - 1. Calculate l(y).
-1
Let a = -524 + 522. Let x(f) = 9*f + 1. What is x(a)?
-17
Let u = 754 + -761. Let z(p) = p**2 + 7*p - 2. Calculate z(u).
-2
Let z(o) = o**3 - 14*o**2 + 14*o - 16. Let i be z(13). Let v(u) = 12*u - 6. Let b(g) = -3*g + 1. Let c(j) = -9*b(j) - 2*v(j). Calculate c(i).
-6
Let c(y) = -4*y**2 + 1424 - 2852 + 3*y + 1431. Determine c(4).
-49
Let j = -477 + 482. Let v(l) = -4*l + 4. Determine v(j).
-16
Let a = -116 + 118. Let t(g) = -g**2 - 2*g + 4. Determine t(a).
-4
Let d(i) = -9*i + 2. Let s be d(-5). Let y(z) = -49*z**3 + 98*z**3 - s*z**3. Give y(-1).
-2
Let j(d) be the second derivative of d**4/12 + d**3/6 + 5*d**2/2 + d - 588. Suppose -k = 5*v + 15, 0 = 4*k + k + v + 3. What is j(k)?
5
Let w(p) = 9*p**2 + 2. Let b(i) = 4*i**2 + 1. Let n(o) = -7*b(o) + 3*w(o). Let a be -7 - (-247)/39 - -1*1/(-3). Calculate n(a).
-2
Let v(z) = -26*z + 3. Let c(q) = 9*q - 1. Suppose -4*t - x = 37, -37 = 2*t + 4*x - 1. Let h(p) = t*c(p) - 3*v(p). Let a be (0 - -3)*2/6. Calculate h(a).
5
Let i(w) be the first derivative of 2*w**3/3 + 5*w**2/2 - 3*w - 106. Give i(-5).
22
Let v be 0/(-2 + 9 + -8). Let m(t) = t**3 - 2*t**2 + t + 10. What is m(v)?
10
Let j(u) = u + 8. Suppose -132 = -12*g - 156. Let i(x) be the first derivative of -3*x**2/2 - 17*x - 2. Let z(v) = g*i(v) - 5*j(v). Give z(0).
-6
Suppose -29 = 2*u + 4*p - p, -4*u - 3*p = 43. Let a(m) be the second derivative of m**5/20 + 7*m**4/12 + m**2 - 16*m. Give a(u).
2
Let k(c) be the first derivative of -c**4/4 + 13*c**3/3 - 6*c**2 - 3*c - 187. Give k(12).
-3
Let a(y) = y + 1. Let q be (-1050)/(-36) + (-2)/12. Let c = 24 - q. Calculate a(c).
-4
Let t(c) = -4*c + 4. Suppose -10*y - 61 = -41. Calculate t(y).
12
Suppose 2*m - 4 = -6. Let l(g) = -3*g**2 - 1. Determine l(m).
-4
Let r(z) = -2*z**3 + 3*z - 12. Let y(l) = 5*l**3 + 2*l**2 - 6*l + 24. Let o(q) = 7*r(q) + 3*y(q). Calculate o(-5).
-2
Let m(p) = 3 + 0 + 3 + 2*p - 14. Let i be m(3). Let f(t) = -t**3 + t**2 - 2*t - 2. What is f(i)?
14
Let a(o) be the first derivative of o**4/4 + o**3/3 + o**2/2 + o + 9. Let r = -5 - -3. Calculate a(r).
-5
Let d(w) = 10*w**3 + w**2 - 2*w + 1. Suppose -5*i + 9 = -5*p + 6*p, -5*i - 18 = -2*p. Suppose -z + p = 8. Determine d(z).
10
Let o(g) = -g**3 - 8*g**2 + g + 14. Let h = 852 - 860. Give o(h).
6
Let z be 4/2 - (7 - 6). Suppose 2*c = 11 - z. Let y be 2 + -1 + (3 - c). Let k(n) = -6*n**2 - 1. What is k(y)?
-7
Let l(v) be the second derivative of -v**5/10 + v**4/4 + v**3/6 - v**2/2 - 9*v + 3. What is l(-2)?
25
Let g(s) = s**2 + s - 1. Let d be g(-2). Let v be -4 - (3 + -6)*d - 1. Let t(q) = q**2 + 2*q + 2. What is t(v)?
2
Let p(r) be the second derivative of r**5/20 + r**3/3 + 4*r**2 - 158*r. Give p(0).
8
Let x(c) be the first derivative of 5/2*c**2 - 1/4*c**4 + 28 - 4/3*c**3 + c. Suppose -24 = 4*q + s, 0 = 4*q + 3*s - 7*s + 4. Determine x(q).
1
Let v(q) be the third derivative of q**5/60 - 5*q**4/8 + 5*q**3/6 - 30*q**2 + 3*q. Give v(14).
-9
Suppose 3*d + 6 = 4*i, -4*i + 2 = -2*d - 3*d. Let z(q) = 15*q**2 - 7*q**2 - 14*q**2 + 0*q**3 + 4*q - i + q**3. Calculate z(5).
-8
Let s(k) = 7*k + k - k - 8*k. Suppose 2*v = -4*p - v, 3*p - 3*v - 21 = 0. Suppose -4 = -p*b + b. Calculate s(b).
-2
Let i(h) = h - 7. Suppose -14*b = -3*b - 33. Give i(b).
-4
Let z(i) = -10*i. Suppose -8*x + 47 = 39. What is z(x)?
-10
Let i(y) = -4*y**3 + y**3 - 26 + 4*y**3 - 5*y**2 + 197*y - 192*y. Determine i(5).
-1
Let q = -2444 - -2437. Let k(r) = -1 - 2*r + r**3 + 7 + 7*r**2 + 4*r. What is k(q)?
-8
Let o(q) = -q**3 - 10*q**2 + 2*q + 4. Let g(l) = l**3 + 11*l**2 - 2*l - 4. Let n(j) = 2*g(j) + 3*o(j). Determine n(-8).
-12
Let a(l) be the second derivative of -l**3/3 - 3*l**2 - l. Suppose 4*g + 28 - 8 = 0. What is a(g)?
4
Let d(i) = 5*i**2 - 15*i - 11. Let n(s) = -2*s**2 + 5*s + 4. Let y(t) = 3*d(t) + 8*n(t). Suppose -30 = 53*j - 47*j. Calculate y(j).
-1
Let u be -5*3/(-3 - 0). Let a(w) = -3 + 5*w + u*w - 2*w + 1 + w**2. Let y(n) = -4*n**2 - 24*n + 5. Let m(j) = 7*a(j) + 2*y(j). Determine m(3).
11
Let l be ((-5 - -3) + -1)*1/(-3). Let a(m) = -2*m**2 - 3*m - 4. Let y(h) = h**2 + h + 1. Let w(v) = l*a(v) + 4*y(v). Let n = -2 - 0. What is w(n)?
6
Let x(m) = 3*m - 20. Let l(q) = -q**3 + 5*q**2 + 100*q - 21. Let i be l(-8). Give x(i).
13
Let p = -23 - -47/2. Let w(b) be the first derivative of -3 + 1/3*b**3 - p*b**2 + 0*b. What is w(-1)?
2
Let n(r) = -r**2 + 12*r + 10. Let j be -2 - 22/(-10) - 649/(-55). Calculate n(j).
10
Let r(h) be the second derivative of 1/6*h**3 - 3/2*h**2 - h + 0. Let n(v) = -v**3 - 5*v**2 + 6*v - 3. Let b be n(-6). Determine r(b).
-6
Let z(a) be the first derivative of -2*a**6/45 + a**4/24 - a**3/3 + 6. Let v(n) be the third derivative of z(n). What is v(-1)?
-15
Let d be (2/8)/((-4)/(-64)). Let h(z) = -49 + 0*z - z**2 - z + d*z + 47. Give h(2).
0
Let g(c) = -2*c**2 - 107*c + 400. Let z be g(-57). Suppose 0 = 3*j + 4*m + 2, -4*m + 5 = -j + 15. Let q(u) = 2*u**j + 0*u**2 + 3*u**2. Calculate q(z).
5
Let z be (-3)/(2/(-78)*(-117)/(-13)). Let s(x) = x**3 - 13*x**2. Give s(z).
0
Let w(t) = 2*t**2 - 2*t + 3. Suppose -3*z = -6 - 6. Suppose 5*y + 4 = -a + 9, -z*y - 4*a = 12. Give w(y).
7
Let n(c) be the third derivative of 0*c + 6*c**2 - 1/6*c**4 - 1/360*c**6 + 0